{"id":31,"date":"2017-02-28T13:20:42","date_gmt":"2017-02-28T13:20:42","guid":{"rendered":"http:\/\/veronicademo.devclick.uk\/?page_id=31"},"modified":"2023-11-07T22:37:22","modified_gmt":"2023-11-07T21:37:22","slug":"performance-sportive","status":"publish","type":"page","link":"https:\/\/www.roazhonkinesport.fr\/index.php\/services\/performance-sportive\/","title":{"rendered":"Performance sportive"},"content":{"rendered":"<div id=\"pl-31\"  class=\"panel-layout\" ><div id=\"pg-31-0\"  class=\"panel-grid panel-has-style\" ><div data-overlay-color=\"#000000\" class=\"panel-row-style panel-row-style-for-31-0\" ><div id=\"pgc-31-0-0\"  class=\"panel-grid-cell\" ><div id=\"panel-31-0-0-0\" class=\"so-panel widget widget_black-studio-tinymce widget_black_studio_tinymce panel-first-child panel-last-child\" data-index=\"0\" ><div class=\"textwidget\"><p><img loading=\"lazy\" decoding=\"async\" class=\"alignnone size-large wp-image-354\" src=\"https:\/\/www.roazhonkinesport.fr\/wp-content\/uploads\/2018\/10\/Copie-de-IMG-20181014-WA0030-1024x768.jpg\" alt=\"\" width=\"640\" height=\"480\" \/><\/p>\n<\/div><\/div><\/div><\/div><\/div><div id=\"pg-31-1\"  class=\"panel-grid panel-has-style\" ><div data-overlay-color=\"#000000\" class=\"panel-row-style panel-row-style-for-31-1\" ><div id=\"pgc-31-1-0\"  class=\"panel-grid-cell\" ><div id=\"panel-31-1-0-0\" class=\"so-panel widget widget_black-studio-tinymce widget_black_studio_tinymce panel-first-child panel-last-child\" data-index=\"1\" ><h3 class=\"widget-title\">Performance sportive<\/h3><div class=\"textwidget\"><p>Nous proposons un suivi personnalis\u00e9 du sportif de haut\u00a0niveau, \u00e0 triple objectifs\u00a0:<br \/>\n- Pr\u00e9venir des blessures<br \/>\n- Am\u00e9liorer ses qualit\u00e9s athl\u00e9tiques<br \/>\n- Am\u00e9liorer ses performances sportives<\/p>\n<p>Afin de parvenir \u00e0 valider ces objectifs, nous commencerons cet atelier par un bilan complet, pr\u00e9cis et personnalis\u00e9 pour mettre en lumi\u00e8re les qualit\u00e9s et d\u00e9fauts de l\u2019athl\u00e8te, ainsi que pour conna\u00eetre les sch\u00e9mas pr\u00e9f\u00e9rentiels du sportif.<br \/>\nEnsuite, nous travaillerons sur des qualit\u00e9s plus sp\u00e9cifiques en fonction du bilan, des envies du sportif, des \u00e9ch\u00e9ances de comp\u00e9tition et de la forme du moment.<\/p>\n<p>Ce protocole a pour vis\u00e9e principale l\u2019am\u00e9lioration globale des performances du sportif, en fonction de son \u00e2ge, son niveau, son poste et son sport.<\/p>\n<p>Selon la qualit\u00e9 des \u00e9chauffements, retour au calme, r\u00e9cup\u00e9ration, nutrition d\u00e9j\u00e0 propos\u00e9e par le club et le staff, nous pourrons vous remettre une fiche personnalis\u00e9e avec diff\u00e9rents exercices et\/ou conseils en compl\u00e9ment de ceux<br \/>\nd\u00e9j\u00e0 connus.<\/p>\n<p>Ce protocole peut \u00eatre d\u00e9but\u00e9 et stopp\u00e9 \u00e0 tout moment de l\u2019ann\u00e9e (que ce soit pour une \u00e9ch\u00e9ance particuli\u00e8re ou pour<br \/>\nun suivi sur toute la saison). De la m\u00eame fa\u00e7on, les sessions ne sont pas obligatoirement programm\u00e9es de mani\u00e8re<br \/>\nr\u00e9guli\u00e8res\u00a0: tout d\u00e9pend des attentes du sportif et des \u00e9ch\u00e9ances du calendrier.<\/p>\n<p>Votre kin\u00e9sith\u00e9rapeute sur ce protocole sera Lo\u00efc, qui est form\u00e9 en kin\u00e9sith\u00e9rapie du sport, mais \u00e9galement en Body<br \/>\nMechanics Coaching (analyse du mouvement sportif et performance) ainsi qu\u2019en Performeur du Sport par<br \/>\nl\u2019organisme am\u00e9ricain EXOS (organisation reconnue mondialement pour coacher et pr\u00e9parer des athl\u00e8tes d\u2019\u00e9lites<br \/>\nde toute nationalit\u00e9).<\/p>\n<\/div><\/div><\/div><\/div><\/div><div id=\"pg-31-2\"  class=\"panel-grid panel-has-style\" ><div data-overlay-color=\"#000000\" class=\"panel-row-style panel-row-style-for-31-2\" ><div id=\"pgc-31-2-0\"  class=\"panel-grid-cell\" ><div id=\"panel-31-2-0-0\" class=\"so-panel widget widget_black-studio-tinymce widget_black_studio_tinymce panel-first-child panel-last-child\" data-index=\"2\" ><h3 class=\"widget-title\">Autres types de soins<\/h3><div class=\"textwidget\"><\/div><\/div><\/div><\/div><\/div><div id=\"pg-31-3\"  class=\"panel-grid panel-has-style\" ><div data-overlay-color=\"#000000\" class=\"panel-row-style panel-row-style-for-31-3\" ><div id=\"pgc-31-3-0\"  class=\"panel-grid-cell\" ><div id=\"panel-31-3-0-0\" class=\"so-panel widget widget_dc_featured_page devclick-featured-page panel-first-child panel-last-child\" data-index=\"3\" >\n\t\t\t<article class=\"featured-page featured-page-style-one\">\n\n\t\t\t\t\t\t\t\t\t<a href=\"https:\/\/www.roazhonkinesport.fr\/index.php\/services\/protocole-recuperation\/\" class=\"featured-page-image\">\n\t\t\t\t\t\t<img decoding=\"async\" src=\"https:\/\/www.roazhonkinesport.fr\/wp-content\/uploads\/2018\/10\/4-390x260.jpg\" srcset=\"https:\/\/www.roazhonkinesport.fr\/wp-content\/uploads\/2018\/10\/4-975x650.jpg 1024w, https:\/\/www.roazhonkinesport.fr\/wp-content\/uploads\/2018\/10\/4-585x390.jpg 640w, https:\/\/www.roazhonkinesport.fr\/wp-content\/uploads\/2018\/10\/4-390x260.jpg 320w\" sizes=\"(min-width: 992px) 40vw, 110vw\" alt=\"\">\n\t\t\t\t\t<\/a>\n\t\t\t\t\n\t\t\t\t<div class=\"featured-page-inner text-left\">\n\n\t\t\t\t\t<h3>\n\t\t\t\t\t\t<a href=\"https:\/\/www.roazhonkinesport.fr\/index.php\/services\/protocole-recuperation\/\">Protocole de r\u00e9cup\u00e9ration<\/a>\n\t\t\t\t\t<\/h3>\n\n\t\t\t\t\t\t\t\t\t\t\t<p>Bien r\u00e9cup\u00e9rer, c&#039;est bien jouer !!!<\/p>\n\t\t\t\t\t\n\t\t\t\t\t\t\t\t\t\t\t<a href=\"https:\/\/www.roazhonkinesport.fr\/index.php\/services\/protocole-recuperation\/\" class=\"featured-page-link\">Read More<\/a>\n\t\t\t\t\t\n\t\t\t\t<\/div><!-- .featured-page-inner -->\n\n\t\t\t<\/article><!-- .featured-page -->\n\n\t\t<\/div><\/div><div id=\"pgc-31-3-1\"  class=\"panel-grid-cell\" ><div id=\"panel-31-3-1-0\" class=\"so-panel widget widget_dc_featured_page devclick-featured-page panel-first-child panel-last-child\" data-index=\"4\" >\n\t\t\t<article class=\"featured-page featured-page-style-one\">\n\n\t\t\t\t\t\t\t\t\t<a href=\"https:\/\/www.roazhonkinesport.fr\/index.php\/services\/reathletisation\/\" class=\"featured-page-image\">\n\t\t\t\t\t\t<img decoding=\"async\" src=\"https:\/\/www.roazhonkinesport.fr\/wp-content\/uploads\/2023\/11\/PXL_20230503_055558302-347x260.jpg\" srcset=\"https:\/\/www.roazhonkinesport.fr\/wp-content\/uploads\/2023\/11\/PXL_20230503_055558302-867x650.jpg 1024w, https:\/\/www.roazhonkinesport.fr\/wp-content\/uploads\/2023\/11\/PXL_20230503_055558302-520x390.jpg 640w, https:\/\/www.roazhonkinesport.fr\/wp-content\/uploads\/2023\/11\/PXL_20230503_055558302-347x260.jpg 320w\" sizes=\"(min-width: 992px) 40vw, 110vw\" alt=\"\">\n\t\t\t\t\t<\/a>\n\t\t\t\t\n\t\t\t\t<div class=\"featured-page-inner text-left\">\n\n\t\t\t\t\t<h3>\n\t\t\t\t\t\t<a href=\"https:\/\/www.roazhonkinesport.fr\/index.php\/services\/reathletisation\/\">R\u00e9athl\u00e9tisation<\/a>\n\t\t\t\t\t<\/h3>\n\n\t\t\t\t\t\t\t\t\t\t\t<p>Phase ultime et n\u00e9cessaire avant la reprise du sport ... <\/p>\n\t\t\t\t\t\n\t\t\t\t\t\t\t\t\t\t\t<a href=\"https:\/\/www.roazhonkinesport.fr\/index.php\/services\/reathletisation\/\" class=\"featured-page-link\">Read More<\/a>\n\t\t\t\t\t\n\t\t\t\t<\/div><!-- .featured-page-inner -->\n\n\t\t\t<\/article><!-- .featured-page -->\n\n\t\t<\/div><\/div><\/div><\/div><\/div>","protected":false},"excerpt":{"rendered":"<p>Comment am\u00e9liorer ses performances sans se blesser &#8230;. ?<\/p>\n","protected":false},"author":1,"featured_media":546,"parent":19,"menu_order":0,"comment_status":"closed","ping_status":"closed","template":"","meta":{"footnotes":""},"class_list":["post-31","page","type-page","status-publish","has-post-thumbnail","hentry"],"_links":{"self":[{"href":"https:\/\/www.roazhonkinesport.fr\/index.php\/wp-json\/wp\/v2\/pages\/31","targetHints":{"allow":["GET"]}}],"collection":[{"href":"https:\/\/www.roazhonkinesport.fr\/index.php\/wp-json\/wp\/v2\/pages"}],"about":[{"href":"https:\/\/www.roazhonkinesport.fr\/index.php\/wp-json\/wp\/v2\/types\/page"}],"author":[{"embeddable":true,"href":"https:\/\/www.roazhonkinesport.fr\/index.php\/wp-json\/wp\/v2\/users\/1"}],"replies":[{"embeddable":true,"href":"https:\/\/www.roazhonkinesport.fr\/index.php\/wp-json\/wp\/v2\/comments?post=31"}],"version-history":[{"count":9,"href":"https:\/\/www.roazhonkinesport.fr\/index.php\/wp-json\/wp\/v2\/pages\/31\/revisions"}],"predecessor-version":[{"id":548,"href":"https:\/\/www.roazhonkinesport.fr\/index.php\/wp-json\/wp\/v2\/pages\/31\/revisions\/548"}],"up":[{"embeddable":true,"href":"https:\/\/www.roazhonkinesport.fr\/index.php\/wp-json\/wp\/v2\/pages\/19"}],"wp:featuredmedia":[{"embeddable":true,"href":"https:\/\/www.roazhonkinesport.fr\/index.php\/wp-json\/wp\/v2\/media\/546"}],"wp:attachment":[{"href":"https:\/\/www.roazhonkinesport.fr\/index.php\/wp-json\/wp\/v2\/media?parent=31"}],"curies":[{"name":"wp","href":"https:\/\/api.w.org\/{rel}","templated":true}]}}