{"id":25,"date":"2017-02-28T13:19:31","date_gmt":"2017-02-28T13:19:31","guid":{"rendered":"http:\/\/veronicademo.devclick.uk\/?page_id=25"},"modified":"2018-10-18T18:06:03","modified_gmt":"2018-10-18T16:06:03","slug":"analyse-course-pied","status":"publish","type":"page","link":"https:\/\/www.roazhonkinesport.fr\/index.php\/services\/analyse-course-pied\/","title":{"rendered":"Analyse de la course \u00e0 pied"},"content":{"rendered":"<div id=\"pl-25\"  class=\"panel-layout\" ><div id=\"pg-25-0\"  class=\"panel-grid panel-has-style\" ><div data-overlay-color=\"#000000\" class=\"panel-row-style panel-row-style-for-25-0\" ><div id=\"pgc-25-0-0\"  class=\"panel-grid-cell\" ><div id=\"panel-25-0-0-0\" class=\"so-panel widget widget_black-studio-tinymce widget_black_studio_tinymce panel-first-child panel-last-child\" data-index=\"0\" ><div class=\"textwidget\"><p><img loading=\"lazy\" decoding=\"async\" class=\"alignnone size-large wp-image-357\" src=\"https:\/\/www.roazhonkinesport.fr\/wp-content\/uploads\/2018\/10\/Copie-de-DSC00158-1024x680.jpg\" alt=\"\" width=\"640\" height=\"425\" srcset=\"https:\/\/www.roazhonkinesport.fr\/wp-content\/uploads\/2018\/10\/Copie-de-DSC00158-1024x680.jpg 1024w, https:\/\/www.roazhonkinesport.fr\/wp-content\/uploads\/2018\/10\/Copie-de-DSC00158-300x199.jpg 300w, https:\/\/www.roazhonkinesport.fr\/wp-content\/uploads\/2018\/10\/Copie-de-DSC00158-768x510.jpg 768w, https:\/\/www.roazhonkinesport.fr\/wp-content\/uploads\/2018\/10\/Copie-de-DSC00158-1053x700.jpg 1053w, https:\/\/www.roazhonkinesport.fr\/wp-content\/uploads\/2018\/10\/Copie-de-DSC00158-978x650.jpg 978w, https:\/\/www.roazhonkinesport.fr\/wp-content\/uploads\/2018\/10\/Copie-de-DSC00158-587x390.jpg 587w, https:\/\/www.roazhonkinesport.fr\/wp-content\/uploads\/2018\/10\/Copie-de-DSC00158-391x260.jpg 391w\" sizes=\"auto, (max-width: 640px) 100vw, 640px\" \/><\/p>\n<\/div><\/div><\/div><\/div><\/div><div id=\"pg-25-1\"  class=\"panel-grid panel-has-style\" ><div data-overlay-color=\"#000000\" class=\"panel-row-style panel-row-style-for-25-1\" ><div id=\"pgc-25-1-0\"  class=\"panel-grid-cell\" ><div id=\"panel-25-1-0-0\" class=\"so-panel widget widget_black-studio-tinymce widget_black_studio_tinymce panel-first-child panel-last-child\" data-index=\"1\" ><h3 class=\"widget-title\">Analyse de la course \u00e0 pied<\/h3><div class=\"textwidget\"><p>Vous \u00eates d\u00e9butant en course \u00e0 pied et cherchez \u00e0 bien commencer \u00e0 courir sans vous blesser\u00a0?<br \/>\nVous \u00eates sportif mais non coureur et d\u00e9sirez vous mettre \u00e0 la course \u00e0 pied\u00a0?<br \/>\nVous \u00eates un coureur aguerri mais \u00eates toujours \u00e0 l\u2019\u00e9coute des derni\u00e8res avanc\u00e9es scientifiques pour optimiser votre entra\u00eenement et vos performances\u00a0?<\/p>\n<p>Cette formule est faite pour vous\u00a0: nous analyserons votre foul\u00e9e, vos chaussures, votre entra\u00eenement, votre programme \u2026 et vous conseillerons la fa\u00e7on la plus optimale de commencer ou recommencer cette excellente activit\u00e9 (pour la sant\u00e9 et le portefeuille) en prenant plaisir et sans vous blesser\u00a0!<\/p>\n<p>A la fin de cette analyse, vous repartirez avec diff\u00e9rents outils pour optimiser votre course, pr\u00e9venir des blessures et<br \/>\nassur\u00e9ment prendre plus de plaisir en courant. Cet atelier dure 45 minutes et n\u00e9cessite que vous apportiez tous vos \u00e9quipements habituels de course\u00a0: chaussures (toutes), short, T shirt, manchons \u00e9ventuels \u2026<\/p>\n<p>Pour rappel, nous sommes tous les deux form\u00e9s \u00e0 la clinique du coureur et avons donc, l\u2019exp\u00e9rience et l\u2019expertise<br \/>\nn\u00e9cessaire \u00e0 la bonne r\u00e9alisation de cet atelier.<\/p>\n<\/div><\/div><\/div><\/div><\/div><div id=\"pg-25-2\"  class=\"panel-grid panel-has-style\" ><div data-overlay-color=\"#000000\" class=\"panel-row-style panel-row-style-for-25-2\" ><div id=\"pgc-25-2-0\"  class=\"panel-grid-cell\" ><div id=\"panel-25-2-0-0\" class=\"so-panel widget widget_black-studio-tinymce widget_black_studio_tinymce panel-first-child panel-last-child\" data-index=\"2\" ><h3 class=\"widget-title\">Autres types de soins<\/h3><div class=\"textwidget\"><\/div><\/div><\/div><\/div><\/div><div id=\"pg-25-3\"  class=\"panel-grid panel-has-style\" ><div data-overlay-color=\"#000000\" class=\"panel-row-style panel-row-style-for-25-3\" ><div id=\"pgc-25-3-0\"  class=\"panel-grid-cell\" ><div id=\"panel-25-3-0-0\" class=\"so-panel widget widget_dc_featured_page devclick-featured-page panel-first-child panel-last-child\" data-index=\"3\" >\n\t\t\t<article class=\"featured-page featured-page-style-one\">\n\n\t\t\t\t\t\t\t\t\t<a href=\"https:\/\/www.roazhonkinesport.fr\/index.php\/services\/reathletisation\/\" class=\"featured-page-image\">\n\t\t\t\t\t\t<img decoding=\"async\" src=\"https:\/\/www.roazhonkinesport.fr\/wp-content\/uploads\/2023\/11\/PXL_20230503_055558302-347x260.jpg\" srcset=\"https:\/\/www.roazhonkinesport.fr\/wp-content\/uploads\/2023\/11\/PXL_20230503_055558302-867x650.jpg 1024w, https:\/\/www.roazhonkinesport.fr\/wp-content\/uploads\/2023\/11\/PXL_20230503_055558302-520x390.jpg 640w, https:\/\/www.roazhonkinesport.fr\/wp-content\/uploads\/2023\/11\/PXL_20230503_055558302-347x260.jpg 320w\" sizes=\"(min-width: 992px) 40vw, 110vw\" alt=\"\">\n\t\t\t\t\t<\/a>\n\t\t\t\t\n\t\t\t\t<div class=\"featured-page-inner text-left\">\n\n\t\t\t\t\t<h3>\n\t\t\t\t\t\t<a href=\"https:\/\/www.roazhonkinesport.fr\/index.php\/services\/reathletisation\/\">R\u00e9athl\u00e9tisation<\/a>\n\t\t\t\t\t<\/h3>\n\n\t\t\t\t\t\t\t\t\t\t\t<p>Phase ultime et n\u00e9cessaire avant la reprise du sport ... <\/p>\n\t\t\t\t\t\n\t\t\t\t\t\t\t\t\t\t\t<a href=\"https:\/\/www.roazhonkinesport.fr\/index.php\/services\/reathletisation\/\" class=\"featured-page-link\">Read More<\/a>\n\t\t\t\t\t\n\t\t\t\t<\/div><!-- .featured-page-inner -->\n\n\t\t\t<\/article><!-- .featured-page -->\n\n\t\t<\/div><\/div><div id=\"pgc-25-3-1\"  class=\"panel-grid-cell\" ><div id=\"panel-25-3-1-0\" class=\"so-panel widget widget_dc_featured_page devclick-featured-page panel-first-child panel-last-child\" data-index=\"4\" >\n\t\t\t<article class=\"featured-page featured-page-style-one\">\n\n\t\t\t\t\t\t\t\t\t<a href=\"https:\/\/www.roazhonkinesport.fr\/index.php\/services\/performance-sportive\/\" class=\"featured-page-image\">\n\t\t\t\t\t\t<img decoding=\"async\" src=\"https:\/\/www.roazhonkinesport.fr\/wp-content\/uploads\/2023\/11\/PXL_20230503_055639820-1-347x260.jpg\" srcset=\"https:\/\/www.roazhonkinesport.fr\/wp-content\/uploads\/2023\/11\/PXL_20230503_055639820-1-867x650.jpg 1024w, https:\/\/www.roazhonkinesport.fr\/wp-content\/uploads\/2023\/11\/PXL_20230503_055639820-1-520x390.jpg 640w, https:\/\/www.roazhonkinesport.fr\/wp-content\/uploads\/2023\/11\/PXL_20230503_055639820-1-347x260.jpg 320w\" sizes=\"(min-width: 992px) 40vw, 110vw\" alt=\"\">\n\t\t\t\t\t<\/a>\n\t\t\t\t\n\t\t\t\t<div class=\"featured-page-inner text-left\">\n\n\t\t\t\t\t<h3>\n\t\t\t\t\t\t<a href=\"https:\/\/www.roazhonkinesport.fr\/index.php\/services\/performance-sportive\/\">Performance sportive<\/a>\n\t\t\t\t\t<\/h3>\n\n\t\t\t\t\t\t\t\t\t\t\t<p>Comment am\u00e9liorer ses performances sans se blesser .... ?<\/p>\n\t\t\t\t\t\n\t\t\t\t\t\t\t\t\t\t\t<a href=\"https:\/\/www.roazhonkinesport.fr\/index.php\/services\/performance-sportive\/\" class=\"featured-page-link\">Read More<\/a>\n\t\t\t\t\t\n\t\t\t\t<\/div><!-- .featured-page-inner -->\n\n\t\t\t<\/article><!-- .featured-page -->\n\n\t\t<\/div><\/div><\/div><\/div><\/div>","protected":false},"excerpt":{"rendered":"<p>D\u00e9butant ou aguerri ?<br \/>\nBless\u00e9 ou \u00e0 la recherche de performance ? &#8230;.<\/p>\n","protected":false},"author":1,"featured_media":357,"parent":19,"menu_order":0,"comment_status":"closed","ping_status":"closed","template":"","meta":{"footnotes":""},"class_list":["post-25","page","type-page","status-publish","has-post-thumbnail","hentry"],"_links":{"self":[{"href":"https:\/\/www.roazhonkinesport.fr\/index.php\/wp-json\/wp\/v2\/pages\/25","targetHints":{"allow":["GET"]}}],"collection":[{"href":"https:\/\/www.roazhonkinesport.fr\/index.php\/wp-json\/wp\/v2\/pages"}],"about":[{"href":"https:\/\/www.roazhonkinesport.fr\/index.php\/wp-json\/wp\/v2\/types\/page"}],"author":[{"embeddable":true,"href":"https:\/\/www.roazhonkinesport.fr\/index.php\/wp-json\/wp\/v2\/users\/1"}],"replies":[{"embeddable":true,"href":"https:\/\/www.roazhonkinesport.fr\/index.php\/wp-json\/wp\/v2\/comments?post=25"}],"version-history":[{"count":13,"href":"https:\/\/www.roazhonkinesport.fr\/index.php\/wp-json\/wp\/v2\/pages\/25\/revisions"}],"predecessor-version":[{"id":380,"href":"https:\/\/www.roazhonkinesport.fr\/index.php\/wp-json\/wp\/v2\/pages\/25\/revisions\/380"}],"up":[{"embeddable":true,"href":"https:\/\/www.roazhonkinesport.fr\/index.php\/wp-json\/wp\/v2\/pages\/19"}],"wp:featuredmedia":[{"embeddable":true,"href":"https:\/\/www.roazhonkinesport.fr\/index.php\/wp-json\/wp\/v2\/media\/357"}],"wp:attachment":[{"href":"https:\/\/www.roazhonkinesport.fr\/index.php\/wp-json\/wp\/v2\/media?parent=25"}],"curies":[{"name":"wp","href":"https:\/\/api.w.org\/{rel}","templated":true}]}}