{"id":240,"date":"2017-02-28T13:10:34","date_gmt":"2017-02-28T13:10:34","guid":{"rendered":"http:\/\/veronicademo.devclick.uk\/?page_id=9"},"modified":"2026-01-28T22:10:13","modified_gmt":"2026-01-28T21:10:13","slug":"home","status":"publish","type":"page","link":"https:\/\/www.roazhonkinesport.fr\/","title":{"rendered":"Accueil"},"content":{"rendered":"<div id=\"pl-240\"  class=\"panel-layout\" ><div id=\"pg-240-0\"  class=\"panel-grid panel-has-style\" ><div data-overlay-color=\"#000000\" class=\"panel-row-style panel-row-style-for-240-0\" ><div id=\"pgc-240-0-0\"  class=\"panel-grid-cell\" ><div id=\"panel-240-0-0-0\" class=\"so-panel widget widget_dc_featured_page devclick-featured-page panel-first-child\" data-index=\"0\" >\n\t\t\t<article class=\"featured-page featured-page-style-one\">\n\n\t\t\t\t\t\t\t\t\t<a href=\"https:\/\/www.roazhonkinesport.fr\/index.php\/services\/pathologies-sportives\/\" class=\"featured-page-image\">\n\t\t\t\t\t\t<img decoding=\"async\" src=\"https:\/\/www.roazhonkinesport.fr\/wp-content\/uploads\/2023\/11\/PXL_20230503_055649973-347x260.jpg\" srcset=\"https:\/\/www.roazhonkinesport.fr\/wp-content\/uploads\/2023\/11\/PXL_20230503_055649973-867x650.jpg 1024w, https:\/\/www.roazhonkinesport.fr\/wp-content\/uploads\/2023\/11\/PXL_20230503_055649973-520x390.jpg 640w, https:\/\/www.roazhonkinesport.fr\/wp-content\/uploads\/2023\/11\/PXL_20230503_055649973-347x260.jpg 320w\" sizes=\"(min-width: 992px) 40vw, 110vw\" alt=\"\">\n\t\t\t\t\t<\/a>\n\t\t\t\t\n\t\t\t\t<div class=\"featured-page-inner text-left\">\n\n\t\t\t\t\t<h3>\n\t\t\t\t\t\t<a href=\"https:\/\/www.roazhonkinesport.fr\/index.php\/services\/pathologies-sportives\/\">Pathologies Sportives<\/a>\n\t\t\t\t\t<\/h3>\n\n\t\t\t\t\t\t\t\t\t\t\t<p>Aigues ou chroniques, membre sup\u00e9rieur ou inf\u00e9rieur ...<\/p>\n\t\t\t\t\t\n\t\t\t\t\t\t\t\t\t\t\t<a href=\"https:\/\/www.roazhonkinesport.fr\/index.php\/services\/pathologies-sportives\/\" class=\"featured-page-link\">Lire plus<\/a>\n\t\t\t\t\t\n\t\t\t\t<\/div><!-- .featured-page-inner -->\n\n\t\t\t<\/article><!-- .featured-page -->\n\n\t\t<\/div><div id=\"panel-240-0-0-1\" class=\"so-panel widget widget_dc_featured_page devclick-featured-page panel-last-child\" data-index=\"1\" >\n\t\t\t<article class=\"featured-page featured-page-style-one\">\n\n\t\t\t\t\t\t\t\t\t<a href=\"https:\/\/www.roazhonkinesport.fr\/index.php\/services\/analyse-course-pied\/\" class=\"featured-page-image\">\n\t\t\t\t\t\t<img decoding=\"async\" src=\"https:\/\/www.roazhonkinesport.fr\/wp-content\/uploads\/2018\/10\/Copie-de-DSC00158-391x260.jpg\" srcset=\"https:\/\/www.roazhonkinesport.fr\/wp-content\/uploads\/2018\/10\/Copie-de-DSC00158-978x650.jpg 1024w, https:\/\/www.roazhonkinesport.fr\/wp-content\/uploads\/2018\/10\/Copie-de-DSC00158-587x390.jpg 640w, https:\/\/www.roazhonkinesport.fr\/wp-content\/uploads\/2018\/10\/Copie-de-DSC00158-391x260.jpg 320w\" sizes=\"(min-width: 992px) 40vw, 110vw\" alt=\"\">\n\t\t\t\t\t<\/a>\n\t\t\t\t\n\t\t\t\t<div class=\"featured-page-inner text-left\">\n\n\t\t\t\t\t<h3>\n\t\t\t\t\t\t<a href=\"https:\/\/www.roazhonkinesport.fr\/index.php\/services\/analyse-course-pied\/\">Analyse de la course \u00e0 pied<\/a>\n\t\t\t\t\t<\/h3>\n\n\t\t\t\t\t\t\t\t\t\t\t<p>D\u00e9butant ou aguerri ? \r\nBless\u00e9 ou \u00e0 la recherche de performance ? ....<\/p>\n\t\t\t\t\t\n\t\t\t\t\t\t\t\t\t\t\t<a href=\"https:\/\/www.roazhonkinesport.fr\/index.php\/services\/analyse-course-pied\/\" class=\"featured-page-link\">Lire plus<\/a>\n\t\t\t\t\t\n\t\t\t\t<\/div><!-- .featured-page-inner -->\n\n\t\t\t<\/article><!-- .featured-page -->\n\n\t\t<\/div><\/div><div id=\"pgc-240-0-1\"  class=\"panel-grid-cell\" ><div id=\"panel-240-0-1-0\" class=\"so-panel widget widget_dc_featured_page devclick-featured-page panel-first-child\" data-index=\"2\" >\n\t\t\t<article class=\"featured-page featured-page-style-one\">\n\n\t\t\t\t\t\t\t\t\t<a href=\"https:\/\/www.roazhonkinesport.fr\/index.php\/services\/performance-sportive\/\" class=\"featured-page-image\">\n\t\t\t\t\t\t<img decoding=\"async\" src=\"https:\/\/www.roazhonkinesport.fr\/wp-content\/uploads\/2023\/11\/PXL_20230503_055639820-1-347x260.jpg\" srcset=\"https:\/\/www.roazhonkinesport.fr\/wp-content\/uploads\/2023\/11\/PXL_20230503_055639820-1-867x650.jpg 1024w, https:\/\/www.roazhonkinesport.fr\/wp-content\/uploads\/2023\/11\/PXL_20230503_055639820-1-520x390.jpg 640w, https:\/\/www.roazhonkinesport.fr\/wp-content\/uploads\/2023\/11\/PXL_20230503_055639820-1-347x260.jpg 320w\" sizes=\"(min-width: 992px) 40vw, 110vw\" alt=\"\">\n\t\t\t\t\t<\/a>\n\t\t\t\t\n\t\t\t\t<div class=\"featured-page-inner text-left\">\n\n\t\t\t\t\t<h3>\n\t\t\t\t\t\t<a href=\"https:\/\/www.roazhonkinesport.fr\/index.php\/services\/performance-sportive\/\">Performance sportive<\/a>\n\t\t\t\t\t<\/h3>\n\n\t\t\t\t\t\t\t\t\t\t\t<p>Comment am\u00e9liorer ses performances sans se blesser .... ?<\/p>\n\t\t\t\t\t\n\t\t\t\t\t\t\t\t\t\t\t<a href=\"https:\/\/www.roazhonkinesport.fr\/index.php\/services\/performance-sportive\/\" class=\"featured-page-link\">Lire plus<\/a>\n\t\t\t\t\t\n\t\t\t\t<\/div><!-- .featured-page-inner -->\n\n\t\t\t<\/article><!-- .featured-page -->\n\n\t\t<\/div><div id=\"panel-240-0-1-1\" class=\"so-panel widget widget_dc_featured_page devclick-featured-page panel-last-child\" data-index=\"3\" >\n\t\t\t<article class=\"featured-page featured-page-style-one\">\n\n\t\t\t\t\t\t\t\t\t<a href=\"https:\/\/www.roazhonkinesport.fr\/index.php\/services\/reathletisation\/\" class=\"featured-page-image\">\n\t\t\t\t\t\t<img decoding=\"async\" src=\"https:\/\/www.roazhonkinesport.fr\/wp-content\/uploads\/2023\/11\/PXL_20230503_055558302-347x260.jpg\" srcset=\"https:\/\/www.roazhonkinesport.fr\/wp-content\/uploads\/2023\/11\/PXL_20230503_055558302-867x650.jpg 1024w, https:\/\/www.roazhonkinesport.fr\/wp-content\/uploads\/2023\/11\/PXL_20230503_055558302-520x390.jpg 640w, https:\/\/www.roazhonkinesport.fr\/wp-content\/uploads\/2023\/11\/PXL_20230503_055558302-347x260.jpg 320w\" sizes=\"(min-width: 992px) 40vw, 110vw\" alt=\"\">\n\t\t\t\t\t<\/a>\n\t\t\t\t\n\t\t\t\t<div class=\"featured-page-inner text-left\">\n\n\t\t\t\t\t<h3>\n\t\t\t\t\t\t<a href=\"https:\/\/www.roazhonkinesport.fr\/index.php\/services\/reathletisation\/\">R\u00e9athl\u00e9tisation<\/a>\n\t\t\t\t\t<\/h3>\n\n\t\t\t\t\t\t\t\t\t\t\t<p>Phase ultime et n\u00e9cessaire avant la reprise du sport ... <\/p>\n\t\t\t\t\t\n\t\t\t\t\t\t\t\t\t\t\t<a href=\"https:\/\/www.roazhonkinesport.fr\/index.php\/services\/reathletisation\/\" class=\"featured-page-link\">Lire plus<\/a>\n\t\t\t\t\t\n\t\t\t\t<\/div><!-- .featured-page-inner -->\n\n\t\t\t<\/article><!-- .featured-page -->\n\n\t\t<\/div><\/div><div id=\"pgc-240-0-2\"  class=\"panel-grid-cell\" ><div id=\"panel-240-0-2-0\" class=\"so-panel widget widget_dc_featured_page devclick-featured-page panel-first-child\" data-index=\"4\" >\n\t\t\t<article class=\"featured-page featured-page-style-one\">\n\n\t\t\t\t\t\t\t\t\t<a href=\"https:\/\/www.roazhonkinesport.fr\/index.php\/services\/reeducations-post-operatoires\/\" class=\"featured-page-image\">\n\t\t\t\t\t\t<img decoding=\"async\" src=\"https:\/\/www.roazhonkinesport.fr\/wp-content\/uploads\/2018\/10\/2-4-390x260.jpg\" srcset=\"https:\/\/www.roazhonkinesport.fr\/wp-content\/uploads\/2018\/10\/2-4-975x650.jpg 1024w, https:\/\/www.roazhonkinesport.fr\/wp-content\/uploads\/2018\/10\/2-4-585x390.jpg 640w, https:\/\/www.roazhonkinesport.fr\/wp-content\/uploads\/2018\/10\/2-4-390x260.jpg 320w\" sizes=\"(min-width: 992px) 40vw, 110vw\" alt=\"\">\n\t\t\t\t\t<\/a>\n\t\t\t\t\n\t\t\t\t<div class=\"featured-page-inner text-left\">\n\n\t\t\t\t\t<h3>\n\t\t\t\t\t\t<a href=\"https:\/\/www.roazhonkinesport.fr\/index.php\/services\/reeducations-post-operatoires\/\">R\u00e9\u00e9ducations post-op\u00e9ratoires<\/a>\n\t\t\t\t\t<\/h3>\n\n\t\t\t\t\t\t\t\t\t\t\t<p>Accompagnement tout le long de votre r\u00e9\u00e9ducation post-chirurgicale ...<\/p>\n\t\t\t\t\t\n\t\t\t\t\t\t\t\t\t\t\t<a href=\"https:\/\/www.roazhonkinesport.fr\/index.php\/services\/reeducations-post-operatoires\/\" class=\"featured-page-link\">Lire plus<\/a>\n\t\t\t\t\t\n\t\t\t\t<\/div><!-- .featured-page-inner -->\n\n\t\t\t<\/article><!-- .featured-page -->\n\n\t\t<\/div><div id=\"panel-240-0-2-1\" class=\"so-panel widget widget_dc_featured_page devclick-featured-page panel-last-child\" data-index=\"5\" >\n\t\t\t<article class=\"featured-page featured-page-style-one\">\n\n\t\t\t\t\t\t\t\t\t<a href=\"https:\/\/www.roazhonkinesport.fr\/index.php\/services\/protocole-recuperation\/\" class=\"featured-page-image\">\n\t\t\t\t\t\t<img decoding=\"async\" src=\"https:\/\/www.roazhonkinesport.fr\/wp-content\/uploads\/2018\/10\/4-390x260.jpg\" srcset=\"https:\/\/www.roazhonkinesport.fr\/wp-content\/uploads\/2018\/10\/4-975x650.jpg 1024w, https:\/\/www.roazhonkinesport.fr\/wp-content\/uploads\/2018\/10\/4-585x390.jpg 640w, https:\/\/www.roazhonkinesport.fr\/wp-content\/uploads\/2018\/10\/4-390x260.jpg 320w\" sizes=\"(min-width: 992px) 40vw, 110vw\" alt=\"\">\n\t\t\t\t\t<\/a>\n\t\t\t\t\n\t\t\t\t<div class=\"featured-page-inner text-left\">\n\n\t\t\t\t\t<h3>\n\t\t\t\t\t\t<a href=\"https:\/\/www.roazhonkinesport.fr\/index.php\/services\/protocole-recuperation\/\">Protocole de r\u00e9cup\u00e9ration<\/a>\n\t\t\t\t\t<\/h3>\n\n\t\t\t\t\t\t\t\t\t\t\t<p>Bien r\u00e9cup\u00e9rer, c&#039;est bien jouer !!!<\/p>\n\t\t\t\t\t\n\t\t\t\t\t\t\t\t\t\t\t<a href=\"https:\/\/www.roazhonkinesport.fr\/index.php\/services\/protocole-recuperation\/\" class=\"featured-page-link\">Lire plus<\/a>\n\t\t\t\t\t\n\t\t\t\t<\/div><!-- .featured-page-inner -->\n\n\t\t\t<\/article><!-- .featured-page -->\n\n\t\t<\/div><\/div><\/div><\/div><div id=\"pg-240-1\"  class=\"panel-grid panel-has-style\" ><div class=\"siteorigin-panels-stretch panel-row-style panel-row-style-for-240-1\" data-stretch-type=\"full\" data-overlay-color=\"#000000\" ><div id=\"pgc-240-1-0\"  class=\"panel-grid-cell\" ><div id=\"panel-240-1-0-0\" class=\"so-panel widget widget_dc_section_title devclick-section-title panel-first-child panel-last-child\" data-index=\"6\" >\n\t\t\t<div class=\"section-title clear\">\n\n\t\t\t\t<div class=\"section-title-content text-centre\">\n\n\t\t\t\t\t\n\t\t\t\t\t\t<h2>Nos Kin\u00e9sith\u00e9rapeutes<\/h2>\n\n\t\t\t\t\t\n\t\t\t\t\t\n\t\t\t\t<\/div><!-- .section-title-content -->\n\n\t\t\t<\/div><!-- .section-title -->\n\n\t\t<\/div><\/div><\/div><\/div><div id=\"pg-240-2\"  class=\"panel-grid panel-has-style\" ><div class=\"siteorigin-panels-stretch panel-row-style panel-row-style-for-240-2\" data-stretch-type=\"full\" data-overlay-color=\"#000000\" ><div id=\"pgc-240-2-0\"  class=\"panel-grid-cell\" ><div id=\"panel-240-2-0-0\" class=\"so-panel widget widget_dc_team_member devclick-team-member panel-first-child panel-last-child\" data-index=\"7\" >\n\t\t\t<div class=\"team-member text-left team-member-style-one\">\n\n\t\t\t\t\n\t\t\t\t\t<div class=\"team-member-image\">\n\n\t\t\t\t\t\t<img decoding=\"async\" src=\"https:\/\/www.roazhonkinesport.fr\/wp-content\/uploads\/2017\/02\/PXL_20231107_100350815-2-260x260.jpg\" srcset=\"https:\/\/www.roazhonkinesport.fr\/wp-content\/uploads\/2017\/02\/PXL_20231107_100350815-2-651x650.jpg 1024w, https:\/\/www.roazhonkinesport.fr\/wp-content\/uploads\/2017\/02\/PXL_20231107_100350815-2-391x390.jpg 640w, https:\/\/www.roazhonkinesport.fr\/wp-content\/uploads\/2017\/02\/PXL_20231107_100350815-2-260x260.jpg 320w\" sizes=\"(min-width: 992px) 40vw, 110vw\" alt=\"\">\n\n\t\t\t\t\t<\/div><!-- .team-member-image -->\n\n\t\t\t\t\n\t\t\t\t<div class=\"team-member-inner\">\n\n\t\t\t\t\t\n\t\t\t\t\t\t<h3>\n\t\t\t\t\t\t\t<a href=\"https:\/\/www.roazhonkinesport.fr\/index.php\/team\/claire-rigolle\/\">\n\t\t\t\t\t\t\t\tClaire RIGOLL\u00c9\t\t\t\t\t\t\t<\/a>\n\t\t\t\t\t\t<\/h3>\n\n\t\t\t\t\t\n\t\t\t\t\t\n\t\t\t\t\t\t<span>Kin\u00e9sith\u00e9rapeute<\/span>\n\n\t\t\t\t\t\n\t\t\t\t\t\t\t\t\t\t\t<p>Kin\u00e9sith\u00e9rapeute du sport<\/p>\n\t\t\t\t\t\n\t\t\t\t\t\t\t\t\t\t\t<div class=\"team-social-icons\">\n\n\t\t\t\t\t\t\t\n\t\t\t\t\t\t\t\n\t\t\t\t\t\t\t\n\t\t\t\t\t\t\t\t\t\t\t\t\t\t\t<a href=\"https:\/\/www.linkedin.com\/in\/claire-rigoll%C3%A9-42274b154\/\" target=\"_blank\"><i class=\"fa fa-linkedin\"><\/i><\/a>\n\t\t\t\t\t\t\t\n\t\t\t\t\t\t\t\t\t\t\t\t\t\t\n\t\t\t\t\t\t<\/div><!-- .team-social-icons -->\n\t\t\t\t\t\n\t\t\t\t<\/div><!-- .team-member-inner -->\n\n\t\t\t<\/div><!-- .team-member -->\n\n\t\t<\/div><\/div><div id=\"pgc-240-2-1\"  class=\"panel-grid-cell\" ><div id=\"panel-240-2-1-0\" class=\"so-panel widget widget_dc_team_member devclick-team-member panel-first-child panel-last-child\" data-index=\"8\" >\n\t\t\t<div class=\"team-member text-left team-member-style-one\">\n\n\t\t\t\t\n\t\t\t\t\t<div class=\"team-member-image\">\n\n\t\t\t\t\t\t<img decoding=\"async\" src=\"https:\/\/www.roazhonkinesport.fr\/wp-content\/uploads\/2017\/02\/PXL_20231107_100541684-1-267x260.jpg\" srcset=\"https:\/\/www.roazhonkinesport.fr\/wp-content\/uploads\/2017\/02\/PXL_20231107_100541684-1-668x650.jpg 1024w, https:\/\/www.roazhonkinesport.fr\/wp-content\/uploads\/2017\/02\/PXL_20231107_100541684-1-401x390.jpg 640w, https:\/\/www.roazhonkinesport.fr\/wp-content\/uploads\/2017\/02\/PXL_20231107_100541684-1-267x260.jpg 320w\" sizes=\"(min-width: 992px) 40vw, 110vw\" alt=\"\">\n\n\t\t\t\t\t<\/div><!-- .team-member-image -->\n\n\t\t\t\t\n\t\t\t\t<div class=\"team-member-inner\">\n\n\t\t\t\t\t\n\t\t\t\t\t\t<h3>\n\t\t\t\t\t\t\t<a href=\"https:\/\/www.roazhonkinesport.fr\/index.php\/team\/loic-janot\/\">\n\t\t\t\t\t\t\t\tLo\u00efc JANOT\t\t\t\t\t\t\t<\/a>\n\t\t\t\t\t\t<\/h3>\n\n\t\t\t\t\t\n\t\t\t\t\t\n\t\t\t\t\t\t<span>Kin\u00e9sith\u00e9rapeute<\/span>\n\n\t\t\t\t\t\n\t\t\t\t\t\t\t\t\t\t\t<p>Kin\u00e9sith\u00e9rapeute du sport<\/p>\n\t\t\t\t\t\n\t\t\t\t\t\t\t\t\t\t\t<div class=\"team-social-icons\">\n\n\t\t\t\t\t\t\t\n\t\t\t\t\t\t\t\n\t\t\t\t\t\t\t\n\t\t\t\t\t\t\t\t\t\t\t\t\t\t\t<a href=\"https:\/\/www.linkedin.com\/in\/lo%C3%AFc-janot-9b0576101\/\" target=\"_blank\"><i class=\"fa fa-linkedin\"><\/i><\/a>\n\t\t\t\t\t\t\t\n\t\t\t\t\t\t\t\t\t\t\t\t\t\t\n\t\t\t\t\t\t<\/div><!-- .team-social-icons -->\n\t\t\t\t\t\n\t\t\t\t<\/div><!-- .team-member-inner -->\n\n\t\t\t<\/div><!-- .team-member -->\n\n\t\t<\/div><\/div><div id=\"pgc-240-2-2\"  class=\"panel-grid-cell\" ><div id=\"panel-240-2-2-0\" class=\"so-panel widget widget_dc_team_member devclick-team-member panel-first-child panel-last-child\" data-index=\"9\" >\n\t\t\t<div class=\"team-member text-left team-member-style-one\">\n\n\t\t\t\t\n\t\t\t\t\t<div class=\"team-member-image\">\n\n\t\t\t\t\t\t<img decoding=\"async\" src=\"https:\/\/www.roazhonkinesport.fr\/wp-content\/uploads\/2023\/04\/PXL_20231107_174553113-1-267x260.jpg\" srcset=\"https:\/\/www.roazhonkinesport.fr\/wp-content\/uploads\/2023\/04\/PXL_20231107_174553113-1-668x650.jpg 1024w, https:\/\/www.roazhonkinesport.fr\/wp-content\/uploads\/2023\/04\/PXL_20231107_174553113-1-401x390.jpg 640w, https:\/\/www.roazhonkinesport.fr\/wp-content\/uploads\/2023\/04\/PXL_20231107_174553113-1-267x260.jpg 320w\" sizes=\"(min-width: 992px) 40vw, 110vw\" alt=\"\">\n\n\t\t\t\t\t<\/div><!-- .team-member-image -->\n\n\t\t\t\t\n\t\t\t\t<div class=\"team-member-inner\">\n\n\t\t\t\t\t\n\t\t\t\t\t\t<h3>\n\t\t\t\t\t\t\t<a href=\"https:\/\/www.roazhonkinesport.fr\/index.php\/team\/jocelyn-courtois\/\">\n\t\t\t\t\t\t\t\tJocelyn COURTOIS\t\t\t\t\t\t\t<\/a>\n\t\t\t\t\t\t<\/h3>\n\n\t\t\t\t\t\n\t\t\t\t\t\n\t\t\t\t\t\t<span>Kin\u00e9sith\u00e9rapeute<\/span>\n\n\t\t\t\t\t\n\t\t\t\t\t\t\t\t\t\t\t<p>Kin\u00e9sith\u00e9rapeute du sport<\/p>\n\t\t\t\t\t\n\t\t\t\t\t\t\t\t\t\t\t<div class=\"team-social-icons\">\n\n\t\t\t\t\t\t\t\n\t\t\t\t\t\t\t\n\t\t\t\t\t\t\t\n\t\t\t\t\t\t\t\t\t\t\t\t\t\t\t<a href=\"https:\/\/www.linkedin.com\/in\/jocelyn-courtois-46991a16\/\" target=\"_blank\"><i class=\"fa fa-linkedin\"><\/i><\/a>\n\t\t\t\t\t\t\t\n\t\t\t\t\t\t\t\t\t\t\t\t\t\t\n\t\t\t\t\t\t<\/div><!-- .team-social-icons -->\n\t\t\t\t\t\n\t\t\t\t<\/div><!-- .team-member-inner -->\n\n\t\t\t<\/div><!-- .team-member -->\n\n\t\t<\/div><\/div><div id=\"pgc-240-2-3\"  class=\"panel-grid-cell\" ><div id=\"panel-240-2-3-0\" class=\"so-panel widget widget_dc_team_member devclick-team-member panel-first-child panel-last-child\" data-index=\"10\" >\n\t\t\t<div class=\"team-member text-left team-member-style-one\">\n\n\t\t\t\t\n\t\t\t\t\t<div class=\"team-member-image\">\n\n\t\t\t\t\t\t<img decoding=\"async\" src=\"https:\/\/www.roazhonkinesport.fr\/wp-content\/uploads\/2017\/02\/PXL_20231107_100303748-1-267x260.jpg\" srcset=\"https:\/\/www.roazhonkinesport.fr\/wp-content\/uploads\/2017\/02\/PXL_20231107_100303748-1-667x650.jpg 1024w, https:\/\/www.roazhonkinesport.fr\/wp-content\/uploads\/2017\/02\/PXL_20231107_100303748-1-400x390.jpg 640w, https:\/\/www.roazhonkinesport.fr\/wp-content\/uploads\/2017\/02\/PXL_20231107_100303748-1-267x260.jpg 320w\" sizes=\"(min-width: 992px) 40vw, 110vw\" alt=\"\">\n\n\t\t\t\t\t<\/div><!-- .team-member-image -->\n\n\t\t\t\t\n\t\t\t\t<div class=\"team-member-inner\">\n\n\t\t\t\t\t\n\t\t\t\t\t\t<h3>\n\t\t\t\t\t\t\t<a href=\"https:\/\/www.roazhonkinesport.fr\/index.php\/team\/quentin-chivet\/\">\n\t\t\t\t\t\t\t\tQuentin CHIVET\t\t\t\t\t\t\t<\/a>\n\t\t\t\t\t\t<\/h3>\n\n\t\t\t\t\t\n\t\t\t\t\t\n\t\t\t\t\t\t<span>Kin\u00e9sith\u00e9rapeute<\/span>\n\n\t\t\t\t\t\n\t\t\t\t\t\t\t\t\t\t\t<p>Kin\u00e9sith\u00e9rapeute du sport<\/p>\n\t\t\t\t\t\n\t\t\t\t\t\t\t\t\t\t\t<div class=\"team-social-icons\">\n\n\t\t\t\t\t\t\t\n\t\t\t\t\t\t\t\n\t\t\t\t\t\t\t\n\t\t\t\t\t\t\t\t\t\t\t\t\t\t\t<a href=\"https:\/\/www.linkedin.com\/in\/quentin-chivet-473ba0194\/\" target=\"_blank\"><i class=\"fa fa-linkedin\"><\/i><\/a>\n\t\t\t\t\t\t\t\n\t\t\t\t\t\t\t\t\t\t\t\t\t\t\n\t\t\t\t\t\t<\/div><!-- .team-social-icons -->\n\t\t\t\t\t\n\t\t\t\t<\/div><!-- .team-member-inner -->\n\n\t\t\t<\/div><!-- .team-member -->\n\n\t\t<\/div><\/div><\/div><\/div><\/div>","protected":false},"excerpt":{"rendered":"<p>Pathologies Sportives Aigues ou chroniques, membre sup\u00e9rieur ou inf\u00e9rieur &#8230; Lire plus Analyse de la course \u00e0 pied D\u00e9butant ou aguerri ? Bless\u00e9 ou \u00e0 la recherche de performance ? &#8230;. Lire plus Performance sportive Comment am\u00e9liorer ses performances sans se blesser &#8230;. ? Lire plus R\u00e9athl\u00e9tisation Phase ultime et n\u00e9cessaire avant la reprise du [&hellip;]<\/p>\n","protected":false},"author":1,"featured_media":0,"parent":0,"menu_order":0,"comment_status":"closed","ping_status":"closed","template":"template-full-width.php","meta":{"footnotes":""},"class_list":["post-240","page","type-page","status-publish","hentry"],"_links":{"self":[{"href":"https:\/\/www.roazhonkinesport.fr\/index.php\/wp-json\/wp\/v2\/pages\/240","targetHints":{"allow":["GET"]}}],"collection":[{"href":"https:\/\/www.roazhonkinesport.fr\/index.php\/wp-json\/wp\/v2\/pages"}],"about":[{"href":"https:\/\/www.roazhonkinesport.fr\/index.php\/wp-json\/wp\/v2\/types\/page"}],"author":[{"embeddable":true,"href":"https:\/\/www.roazhonkinesport.fr\/index.php\/wp-json\/wp\/v2\/users\/1"}],"replies":[{"embeddable":true,"href":"https:\/\/www.roazhonkinesport.fr\/index.php\/wp-json\/wp\/v2\/comments?post=240"}],"version-history":[{"count":76,"href":"https:\/\/www.roazhonkinesport.fr\/index.php\/wp-json\/wp\/v2\/pages\/240\/revisions"}],"predecessor-version":[{"id":567,"href":"https:\/\/www.roazhonkinesport.fr\/index.php\/wp-json\/wp\/v2\/pages\/240\/revisions\/567"}],"wp:attachment":[{"href":"https:\/\/www.roazhonkinesport.fr\/index.php\/wp-json\/wp\/v2\/media?parent=240"}],"curies":[{"name":"wp","href":"https:\/\/api.w.org\/{rel}","templated":true}]}}